(b). Let n be r(-10). Suppose -4*f = 5*g - n - 60, -4*f = 12. List the prime factors of g.
23
Suppose 206*b = -2*o + 202*b + 564, o - 267 = -5*b. List the prime factors of o.
2, 73
Let f(b) = 236*b**3 - 4*b**2 + 12*b - 21. What are the prime factors of f(2)?
3, 5
Let a = 602 - 185. What are the prime factors of a?
3, 139
Let s(l) = 55*l - 5. Let f be s(1). Suppose 14*c = 6 + f. What are the prime factors of c?
2
What are the prime factors of ((-9)/27)/((-11035)/5517 + 2)?
3, 613
Let b = 19 - 17. Suppose -5*y - 2*i + 82 = 0, 5*y - b*i + 12 = 90. List the prime factors of (-2)/(y/(-6))*52.
3, 13
Let g = 394 + 45. What are the prime factors of g?
439
Suppose -2*q + 4*g = -6, -4*q - 2*g + 15 = q. Suppose -q*r + 2 = 11. Let p = r - -12. What are the prime factors of p?
3
Let k(f) = -45*f**2. Let z be k(-1). Let x = z + 81. Suppose -x = -p - 5*t + 3*t, 0 = -p - 3*t + 32. What are the prime factors of p?
2, 11
Suppose 4*d - 5509 = -3*c, -d - 3*d - 2*c = -5514. What are the prime factors of d?
1381
Let y(b) = -b**3 - 4*b**2 + 12*b + 93. What are the prime factors of y(-16)?
3, 991
Suppose -6*q + 8*q = 802. List the prime factors of q.
401
Let r(m) = m - 15. Let d be r(15). Suppose 2*v - 88 = -5*i + 18, d = v + 4*i - 53. List the prime factors of v.
53
Suppose -4*q + 350 = l + l, 77 = q + 4*l. What are the prime factors of q?
89
Suppose 8*x - 6705 = 11495. What are the prime factors of x?
5, 7, 13
List the prime factors of (-4)/18 - 63030/(-54).
3, 389
Suppose 5*r - 45 = -x, 0*r + 2*r + 186 = 3*x. Suppose -v + 2*v - x = -3*h, v + 5*h - 50 = 0. List the prime factors of v.
3, 5
Suppose 0 = -3*i - 2*a + 314, 2*i - 518 = -3*i + 2*a. Suppose -4*m - 4*k + 12 = -0*k, 2*m - 2 = 2*k. Suppose -m*d = 2*d - i. List the prime factors of d.
2, 13
Let j(k) be the first derivative of k**4/4 + 3*k**3 - 13*k**2/2 - 2*k - 5. Let r be j(-10). Suppose 2*f - 4*f = -r. What are the prime factors of f?
2, 7
Let a = -59 - -36. Let h = -19 - a. Suppose -h*s + 20 = 0, 5*b + 2*s - s = 35. What are the prime factors of b?
2, 3
Suppose 0 = -12*p + 871 + 29. Suppose -3*f + 3*o + p = -39, -o = f - 30. List the prime factors of f.
2, 17
Suppose 2*d - 667 = -m + 238, -4*m = -d + 448. List the prime factors of d.
2, 113
Suppose 0 = 2*r + 8*r + 120. List the prime factors of ((-11)/(-2))/(-1 + (-14)/r).
3, 11
Let y(b) = b**2 + b + 2. Suppose -150 = -2*u - 3*u + 5*h, -2*u - 2*h = -44. Let w = -28 + u. List the prime factors of y(w).
2
Let v be (((-50)/4)/(-5))/((-4)/(-8)). Suppose -y = -4*p - 52 - 30, -4*y - v*p + 412 = 0. What are the prime factors of y?
2, 7
Let d(k) = k**3 + 22*k**2 + 31*k + 110. List the prime factors of d(-20).
2, 5, 29
Let i(b) be the third derivative of b**5/60 + b**4/4 + 8*b**3/3 - 4*b**2. List the prime factors of i(-7).
23
Let f(d) = -d**3 - 2*d**2 - 3*d - 3. Let o be f(-2). Let w be ((-3)/(-3))/(o/(-69)). What are the prime factors of (w/4)/(3/(-12))?
23
Let c(g) = 7*g**2 - 6*g - 24. Let s be c(10). Suppose 10*m = 6*m + s. List the prime factors of m.
2, 7, 11
Let g be (0 - 7)*(-3)/3. Suppose 0 = -g*s - 4 + 361. List the prime factors of s.
3, 17
Let n(u) = u**3 + 23*u**2 + 20*u - 50. Let a be n(-22). List the prime factors of 4/a + 1184/12.
2, 7
Let j = -1433 - -2784. List the prime factors of j.
7, 193
Let g = 2814 + -1852. List the prime factors of g.
2, 13, 37
Let t(g) = 2*g**3 + 40*g**2 - 29*g - 26. What are the prime factors of t(-19)?
29, 43
Suppose 122*l = 64700 + 34852. List the prime factors of l.
2, 3, 17
Let j(n) = -n**2 + 4*n + 4. Let u be j(5). Let y(b) = 8*b + 1. Let p be y(u). What are the prime factors of (3 - (-1 - p)) + 13?
2, 5
Let k(s) = -5*s + 2. Let b be k(4). Let r = b + 66. List the prime factors of r.
2, 3
Let v(s) = -5*s + 30 + 3*s + s. What are the prime factors of v(-9)?
3, 13
Suppose -4*l - l + 65 = v, 5*l + 210 = 4*v. Let c = v + 43. What are the prime factors of c?
2, 7
Suppose 4*a - a + 3*a = 0. What are the prime factors of 53/(1 - a) - (-1)/(-1)?
2, 13
Let r(f) = f**2 + 6*f + 2. Let h be r(-6). Suppose -3*d - 9 = 0, 3*d = 5*o - h*d - 585. What are the prime factors of o?
2, 3, 19
Suppose 9 = 2*h - r, -2*h + 2*r - 1 + 9 = 0. Suppose 0*m - 140 = -h*m. Suppose -81 = 25*o - m*o. List the prime factors of o.
3
Let c(j) = -3*j + 24*j + 5*j + 3*j - 3. What are the prime factors of c(4)?
113
Suppose 0 = -40*x + 12252 + 6828. List the prime factors of x.
3, 53
Let b = -561 - -4173. What are the prime factors of b?
2, 3, 7, 43
Let g(q) = -q**2 - 10*q + 11. Let f be g(-11). Suppose -5*j = 2*o + 4, -j + 4 = 2*o - f. What are the prime factors of o + 2 + 1 + 7?
13
What are the prime factors of (9/((-54)/(-8)))/(4/2418)?
2, 13, 31
Let y = 724 + -497. What are the prime factors of y?
227
Let n(v) = -122*v**2 - 4*v - 2. Let y be n(-1). Let p = -84 - y. What are the prime factors of p?
2, 3
Let c(x) = -8*x + 223. Let w be (1/(-3) + 15/18)*0. List the prime factors of c(w).
223
Let h = 646 - 74. List the prime factors of h.
2, 11, 13
Let u = 56 + -31. Suppose 2*v = 3*q - 119, -5*q = -6*q - 3*v + u. What are the prime factors of q?
37
Suppose -872 = -2*t + 432. What are the prime factors of t?
2, 163
Let n(f) be the third derivative of 0 + 1/60*f**5 + 17/6*f**3 + 0*f - 1/12*f**4 - 7*f**2. List the prime factors of n(8).
5, 13
Let b(u) = 36*u - 21. Let v be (2/(-5))/(4/(-30)). List the prime factors of b(v).
3, 29
Let r(l) = 26*l**2 - 48*l. List the prime factors of r(2).
2
Let z be ((-180)/(-70))/((-1)/(-14)). Suppose -y + z = -24. List the prime factors of y.
2, 3, 5
Suppose -69*k + 1072 = -65*k. What are the prime factors of k?
2, 67
Let p(i) = i**2 + 3*i + 4. Let n be p(-3). Suppose -2*a + 2 = 3*q - 0*q, 0 = 2*q + n*a + 4. What are the prime factors of (-1)/q*(-87 + 1)?
43
Let d be 1*(-7)/((-14)/(-4)). Let z be 1 + (0 - (d - -3)). Suppose 3*i - 7 = -2*l - z, 2*l = 4*i - 14. What are the prime factors of i?
3
Let u(f) = 5*f - 258. Let r(o) = -5*o + 259. Let i(p) = -5*r(p) - 6*u(p). List the prime factors of i(0).
11, 23
Suppose -v - 4*v = -140. Let k be (-113)/(-2)*v/14. Suppose 62 = 5*a - k. What are the prime factors of a?
5, 7
Let j be (-546)/(-35)*(-160)/6. What are the prime factors of (j/6)/(-2) + (-1)/(-3)?
5, 7
Let m be -3 + ((-100)/(-15))/((-6)/(-9)). Suppose -m*x + 500 = -851. List the prime factors of x.
193
Let h(i) = -i**3 + 6*i**2 - 5*i + 3. Let s be (-8)/2 + (-10)/2. Let j be (0 - -6)/(s/(-6)). What are the prime factors of h(j)?
3, 5
List the prime factors of -4 + 11 + (-25)/5 - -320.
2, 7, 23
Suppose -8099 = 45*z - 48*z + r, -16 = -4*r. What are the prime factors of z?
37, 73
Suppose -5*g - 8537 = -3*n, 4*g + 809 = 2*n - 4879. List the prime factors of n.
2, 1427
Let t(z) = -254*z + 597. List the prime factors of t(-12).
3, 5
Suppose -8*z + 31 = 4*f - 3*z, f = -3*z + 13. Suppose 0 = i + 4*a - 35, 98 = -i + f*i + 5*a. List the prime factors of i.
31
Let q(b) = -9*b - 6 - 1 - 9. List the prime factors of q(-7).
47
Let c(t) = -t**2 + 9*t + 5. Let m be c(9). Let y = -32 + 50. Suppose p - m*v = 55, p - 7 - y = -5*v. List the prime factors of p.
2, 5
Let b(r) = r**2 - 7*r. Let z be b(7). Let c be 0/(z + 2 - 0). Suppose 5*f - n - 25 = n, c = f + 5*n - 5. What are the prime factors of f?
5
Let t(c) be the second derivative of -c**4/12 + 19*c**3/3 + 20*c**2 + 9*c. What are the prime factors of t(30)?
2, 5, 7
What are the prime factors of ((-3)/(-18))/((-1)/(-531))*6?
3, 59
Suppose 2*h - 2938 = -4*i, -8*i = h - 11*i - 1494. What are the prime factors of h?
3, 17, 29
Let v = 18 + -18. Let w be 0 - v - 12/(-1). Let a = 22 - w. List the prime factors of a.
2, 5
Suppose -3*h = 3*j - 444, -j + h = -5*j + 601. What are the prime factors of j?
151
Suppose 2*d = 5*i + 4*d - 29, 0 = -3*i - 5*d + 25. Suppose -4*h = -3*y - 2*h + 6, i*y + h = 23. Suppose -y*c = -3*c - 27. List the prime factors of c.
3
Suppose -471*z + 10538 = -460*z. What are the prime factors of z?
2, 479
Let n(r) = 42*r**2 - 26*r - 120. List the prime factors of n(-5).
2, 5, 53
Suppose 5 = 3*a - 7. List the prime factors of 2/((-16)/206)*(0 - a).
103
Let d = 16554 + -10795. What are the prime factors of d?
13, 443
Let n(u) = -2*u**2 - 9*u - 7. Let r be n(-3). Suppose 0 = r*z - 289 - 161. What are the prime factors of z?
3, 5
Let h be -1*4/(-12)*3. Let k(l) be the third der